{"id":72,"date":"2021-04-23T15:11:36","date_gmt":"2021-04-23T13:11:36","guid":{"rendered":"http:\/\/parnica.ecavlos.sk\/?page_id=72"},"modified":"2025-03-29T18:33:33","modified_gmt":"2025-03-29T17:33:33","slug":"historia-zboru","status":"publish","type":"page","link":"https:\/\/parnica.ecavlos.sk\/?page_id=72","title":{"rendered":"STRU\u010cN\u00c1 HIST\u00d3RIA ZBORU"},"content":{"rendered":"\n<p>Cirkevn\u00fd zbor ECAV na Slovensku P\u00e1rnica le\u017e\u00ed v&nbsp;juhoz\u00e1padnej \u010dasti Oravy.<\/p>\n\n\n\n<p>Vznikol v&nbsp;roku 1921 po viac ako polstoro\u010dn\u00fdch snah\u00e1ch, ke\u010f sa osamostatnil od evanjelick\u00e9ho artikul\u00e1rneho zboru v&nbsp;Istebnom. V&nbsp;roku 1923 sa k&nbsp;P\u00e1rnici pripojili Kra\u013eovany ako f\u00edlia.<\/p>\n\n\n\n<p>Prv\u00fdm far\u00e1rom sa stal J\u00falius Jamnick\u00fd. Po\u010das jeho p\u00f4sobenia sa P\u00e1rni\u010dania rozhodli postavi\u0165 \u00a0kostol na mieste, ktor\u00e9 by bolo v\u00a0strede obce. V\u00a0roku 1926 posv\u00e4tili z\u00e1kladn\u00fd kame\u0148 a\u00a020.\u00a0novembra 1927 &#8211; v 23. nede\u013eu po Sv. Trojici sa konala posviacka novopostaven\u00e9ho kostola. \u00a0Spojenie kostola a\u00a0fary tvor\u00ed celok vo funkcionalistickom slohu, ktor\u00fd m\u00e1 nieko\u013eko kubistick\u00fdch prvkov. S\u00a0hist\u00f3riou obce a zboru sa sp\u00e1jaj\u00fa aj v\u00fdznamn\u00e9 osobnosti. Jednou z\u00a0nich je rod\u00e1k, evanjelick\u00fd far\u00e1r a\u00a0\u0161ari\u0161sko-zempl\u00ednsky senior Adam Hlov\u00edk. V P\u00e1rnici sa narodil aj jeho brat J\u00e1n, ktor\u00fd bol tie\u017e evanjelick\u00fdm far\u00e1rom. \/pam\u00e4tn\u00e1 tabu\u013ea na pripomenutie si rod\u00e1kov sa nach\u00e1dza na stene vo vn\u00fatri kostola\/. V\u00a0s\u00fa\u010dasnosti z\u00a0tohto cirkevn\u00e9ho zboru poch\u00e1dzaj\u00fa dvaja akt\u00edvne sl\u00fa\u017eiaci evanjelick\u00ed k\u0148azi.<\/p>\n\n\n\n<p>Na prelome tis\u00edcro\u010dia sa od cirkevn\u00e9ho zboru od\u010dlenila dc\u00e9rocirkev Kra\u013eovany. V&nbsp;roku 2009 bol postaven\u00fd nov\u00fd Zborov\u00fd dom a 2017 pre\u0161iel kostol finan\u010dne n\u00e1ro\u010dnou komplexnou rekon\u0161trukciou exteri\u00e9ru. V posledne spom\u00ednanom roku pri v\u00fdro\u010d\u00ed posviacky sme si pripomenuli&nbsp; 90. rokov od posv\u00e4tenia chr\u00e1mu. Pripojili sme sa tie\u017e k&nbsp;oslav\u00e1m 500. v\u00fdro\u010dia Reform\u00e1cie a&nbsp;chceme na\u010falej nielen slovom a&nbsp;sl\u00e1vnos\u0165ami, ale predov\u0161etk\u00fdm \u017eivotom viery, konaj\u00faci v&nbsp;l\u00e1ske sved\u010di\u0165 o&nbsp;na\u0161om Spasite\u013eovi Je\u017ei\u0161ovi. Ve\u013emi sa te\u0161\u00edme aj zo&nbsp;spolupr\u00e1ce s&nbsp;na\u0161im partnersk\u00fdm evanjelick\u00fdm cirkevn\u00fdm zborom&nbsp; z&nbsp;Po\u013eska \u2013 Dzi\u0119gielowom. T\u00e1to medzin\u00e1rodn\u00e1 spolupr\u00e1ca n\u00e1s ve\u013emi obohacuje a&nbsp;z\u00e1rove\u0148 si uvedomujeme, ak\u00ed sme si bl\u00edzky v&nbsp;P\u00e1novi Je\u017ei\u0161ovi.<\/p>\n\n\n\n<p>N\u00e1\u0161 cirkevn\u00fd zbor m\u00e1 skoro 600 \u010dlenov.<\/p>\n\n\n\n<p>K\u0148azi p\u00f4sobiaci v&nbsp;cirkevnom zbore:<\/p>\n\n\n\n<p>J\u00falius Jamnick\u00fd<\/p>\n\n\n\n<p>J\u00e1n Demko<\/p>\n\n\n\n<p>Milan Nos\u00e1l<\/p>\n\n\n\n<p>Mari\u00e1n Urban<\/p>\n\n\n\n<p>Eva Koles\u00e1rov\u00e1, rod. Vesel\u00e1<\/p>\n\n\n\n<p>Pavol \u010cernaj<\/p>\n\n\n\n<p>Marcela Sabov\u00e1, rod. Kupsk\u00e1<\/p>\n\n\n\n<p>Mari\u00e1n Grega<\/p>\n\n\n\n<p>Viera \u0160imov\u00e1 \u0160olt\u00e9s, rod. Tipulov\u00e1<\/p>\n\n\n\n<p>Viac o tejto hist\u00f3rii zboru sa m\u00f4\u017eete do\u010d\u00edta\u0165 v knihe V zrkadle \u010dasu &#8211; Darina Dud\u00e1\u0161ov\u00e1.<\/p>\n\n\n\n<p><\/p>\n","protected":false},"excerpt":{"rendered":"<p>Cirkevn\u00fd zbor ECAV na Slovensku P\u00e1rnica le\u017e\u00ed v&nbsp;juhoz\u00e1padnej \u010dasti Oravy. Vznikol v&nbsp;roku 1921 po viac ako polstoro\u010dn\u00fdch snah\u00e1ch, ke\u010f sa osamostatnil od evanjelick\u00e9ho artikul\u00e1rneho zboru v&nbsp;Istebnom. V&nbsp;roku 1923 sa k&nbsp;P\u00e1rnici pripojili Kra\u013eovany ako f\u00edlia. Prv\u00fdm far\u00e1rom sa stal J\u00falius Jamnick\u00fd. Po\u010das jeho p\u00f4sobenia sa P\u00e1rni\u010dania rozhodli postavi\u0165 \u00a0kostol na mieste, ktor\u00e9 by bolo v\u00a0strede obce. [&hellip;]<\/p>\n","protected":false},"author":1,"featured_media":609,"parent":0,"menu_order":0,"comment_status":"closed","ping_status":"closed","template":"","meta":{"footnotes":""},"class_list":["post-72","page","type-page","status-publish","has-post-thumbnail","hentry"],"_links":{"self":[{"href":"https:\/\/parnica.ecavlos.sk\/index.php?rest_route=\/wp\/v2\/pages\/72","targetHints":{"allow":["GET"]}}],"collection":[{"href":"https:\/\/parnica.ecavlos.sk\/index.php?rest_route=\/wp\/v2\/pages"}],"about":[{"href":"https:\/\/parnica.ecavlos.sk\/index.php?rest_route=\/wp\/v2\/types\/page"}],"author":[{"embeddable":true,"href":"https:\/\/parnica.ecavlos.sk\/index.php?rest_route=\/wp\/v2\/users\/1"}],"replies":[{"embeddable":true,"href":"https:\/\/parnica.ecavlos.sk\/index.php?rest_route=%2Fwp%2Fv2%2Fcomments&post=72"}],"version-history":[{"count":5,"href":"https:\/\/parnica.ecavlos.sk\/index.php?rest_route=\/wp\/v2\/pages\/72\/revisions"}],"predecessor-version":[{"id":639,"href":"https:\/\/parnica.ecavlos.sk\/index.php?rest_route=\/wp\/v2\/pages\/72\/revisions\/639"}],"wp:featuredmedia":[{"embeddable":true,"href":"https:\/\/parnica.ecavlos.sk\/index.php?rest_route=\/wp\/v2\/media\/609"}],"wp:attachment":[{"href":"https:\/\/parnica.ecavlos.sk\/index.php?rest_route=%2Fwp%2Fv2%2Fmedia&parent=72"}],"curies":[{"name":"wp","href":"https:\/\/api.w.org\/{rel}","templated":true}]}}

STRUČNÁ HISTÓRIA ZBORU

<p>Cirkevný zbor ECAV na Slovensku Párnica leží v&nbsp;juhozápadnej časti Oravy.</p>



<p>Vznikol v&nbsp;roku 1921 po viac ako polstoročných snahách, keď sa osamostatnil od evanjelického artikulárneho zboru v&nbsp;Istebnom. V&nbsp;roku 1923 sa k&nbsp;Párnici pripojili Kraľovany ako fília.</p>



<p>Prvým farárom sa stal Július Jamnický. Počas jeho pôsobenia sa Párničania rozhodli postaviť  kostol na mieste, ktoré by bolo v strede obce. V roku 1926 posvätili základný kameň a 20. novembra 1927 &#8211; v 23. nedeľu po Sv. Trojici sa konala posviacka novopostaveného kostola.  Spojenie kostola a fary tvorí celok vo funkcionalistickom slohu, ktorý má niekoľko kubistických prvkov. S históriou obce a zboru sa spájajú aj významné osobnosti. Jednou z nich je rodák, evanjelický farár a šarišsko-zemplínsky senior Adam Hlovík. V Párnici sa narodil aj jeho brat Ján, ktorý bol tiež evanjelickým farárom. /pamätná tabuľa na pripomenutie si rodákov sa nachádza na stene vo vnútri kostola/. V súčasnosti z tohto cirkevného zboru pochádzajú dvaja aktívne slúžiaci evanjelickí kňazi.</p>



<p>Na prelome tisícročia sa od cirkevného zboru odčlenila dcérocirkev Kraľovany. V&nbsp;roku 2009 bol postavený nový Zborový dom a 2017 prešiel kostol finančne náročnou komplexnou rekonštrukciou exteriéru. V posledne spomínanom roku pri výročí posviacky sme si pripomenuli&nbsp; 90. rokov od posvätenia chrámu. Pripojili sme sa tiež k&nbsp;oslavám 500. výročia Reformácie a&nbsp;chceme naďalej nielen slovom a&nbsp;slávnosťami, ale predovšetkým životom viery, konajúci v&nbsp;láske svedčiť o&nbsp;našom Spasiteľovi Ježišovi. Veľmi sa tešíme aj zo&nbsp;spolupráce s&nbsp;našim partnerským evanjelickým cirkevným zborom&nbsp; z&nbsp;Poľska – Dzięgielowom. Táto medzinárodná spolupráca nás veľmi obohacuje a&nbsp;zároveň si uvedomujeme, akí sme si blízky v&nbsp;Pánovi Ježišovi.</p>



<p>Náš cirkevný zbor má skoro 600 členov.</p>



<p>Kňazi pôsobiaci v&nbsp;cirkevnom zbore:</p>



<p>Július Jamnický</p>



<p>Ján Demko</p>



<p>Milan Nosál</p>



<p>Marián Urban</p>



<p>Eva Kolesárová, rod. Veselá</p>



<p>Pavol Černaj</p>



<p>Marcela Sabová, rod. Kupská</p>



<p>Marián Grega</p>



<p>Viera Šimová Šoltés, rod. Tipulová</p>



<p>Viac o tejto histórii zboru sa môžete dočítať v knihe V zrkadle času &#8211; Darina Dudášová.</p>



<p></p>

<p>Cirkevný zbor ECAV na Slovensku Párnica leží v&nbsp;juhozápadnej časti Oravy. Vznikol v&nbsp;roku 1921 po viac ako polstoročných snahách, keď sa osamostatnil od evanjelického artikulárneho zboru v&nbsp;Istebnom. V&nbsp;roku 1923 sa k&nbsp;Párnici pripojili Kraľovany ako fília. Prvým farárom sa stal Július Jamnický. Počas jeho pôsobenia sa Párničania rozhodli postaviť  kostol na mieste, ktoré by bolo v strede obce. [&hellip;]</p>
